 + 8. Let a be r(-2). Let s be 144 + 2 + -1 + a. Suppose 4*o = 2*b - 444, s = 2*b - 3*o - 300. What is the hundreds digit of b?
2
Suppose t + 2482 = 2*n, 3728 = 3*n + 3*t - 7*t. Suppose 0 = -9*z - n + 7585. What is the units digit of z?
5
Let s(w) = w**2 - 9*w. Let a be s(9). Suppose 2*x + 6*y = 2*y + 174, -3*x - 4*y + 263 = a. What is the units digit of x?
9
Let s(f) = 64*f**2 + 17*f - 93. What is the tens digit of s(16)?
6
Let m be 4107/3 + 8/2 + -2. Suppose 1119 = 5*a - m. What is the hundreds digit of a?
4
Let n = -1121 - -1704. Let o = n - 258. What is the units digit of o?
5
Let k = 10569 + 29701. What is the ten thousands digit of k?
4
Let z(w) = -w**3 + 6*w**2 + 3*w - 17. Let a be z(6). Let l(b) = 107*b**3 - 3*b**2 + 4*b. What is the units digit of l(a)?
8
Let b = 172 - 169. Suppose b*a + 252 = 7*a. What is the units digit of a?
3
Let r(t) = -t**3 - 15 + 23 - 8 + 4*t**2 + 2*t. Let i be r(4). Suppose -n = -i - 63. What is the tens digit of n?
7
Let c(t) = 348*t**2 - 8*t + 22. What is the hundreds digit of c(3)?
1
Let c(m) = -21 + 57 - 6 - 54*m + 104. What is the units digit of c(-19)?
0
Suppose t = 4*t + 7*t - 4*t. Let v(b) = b**3 - b**2 + b + 894. Let i be v(0). Suppose 9*j - i - 330 = t. What is the units digit of j?
6
Let i = 727 + 777. Let c = i - 420. What is the units digit of c?
4
Let q(t) = -t**3 + 3*t + 3. Let f be q(-2). Suppose -3*p - 2*p = 5*w - 1590, 4*p - f*w = 1254. What is the tens digit of p?
1
Let x be ((-25)/7 - -4)/((-3)/(-63)). Let h(f) be the second derivative of -f**4/6 + 11*f**3/3 - 10*f**2 - 2*f. What is the tens digit of h(x)?
1
Let d = -130 - -134. Suppose -w + 5*o + 92 = d*o, -4*o = 8. What is the tens digit of w?
9
Suppose -3*r + 4746 = -5*f - 5216, -4*f = -r + 3323. What is the hundreds digit of r?
3
Let q be (-1044)/8*10/15. What is the units digit of (-3 - (-33)/15) + q/(-15)?
5
Let g(f) = -f - 3. Let o(a) = -2*a - 4. Let i(c) = 3*g(c) - 2*o(c). Let z be i(5). What is the tens digit of (-2 - -99) + 1/((-2)/z)?
9
Let c be (-13)/(-3) + 9/(-27). Suppose -10*a + 5*a = -c*i + 2631, 5*a = -4*i + 2641. What is the tens digit of i?
5
What is the ten thousands digit of (-19 - -18)*12/30 - (-174157)/5?
3
Let u = -1545 - -2204. Suppose u = -8*m - 341. Let t = m - -260. What is the units digit of t?
5
What is the units digit of (-1 - 11/(-9)) + (-4771)/(-117) + 26?
7
Let c(h) be the first derivative of -h**3/3 - 14*h**2 - 42*h - 95. What is the units digit of c(-11)?
5
Let n(b) = b**3 - 2*b**2 + b - 3. Suppose -z - 8 = 5*y, y = 1 - 3. Let r be n(z). Let m(o) = 81*o**2 - 1. What is the units digit of m(r)?
0
Let z = -17885 + 26083. What is the tens digit of z?
9
Let w(u) = -u + 5. Let l be w(1). What is the units digit of (-888)/6*-2 + l?
0
What is the thousands digit of 1186 + (17 - 12) - -6*1?
1
Let m = 84798 + -37271. What is the tens digit of m?
2
Suppose -29570 = -51*c + 28774. What is the tens digit of c?
4
Let w(a) = -157*a - 470. What is the tens digit of w(-26)?
1
Suppose -1966319 + 6905199 = 80*m. What is the thousands digit of m?
1
Suppose 0 = 18*k + 4*k - 22. Suppose 0 = q + 4 + k, -d + 3*q = -830. What is the tens digit of d?
1
Suppose 5*y + 9504 = -4*u, -3*u + 3*y - 3111 = 3990. Let v = -1391 - u. What is the units digit of v?
0
Suppose 40*m = 171451 + 451429. What is the tens digit of m?
7
Suppose -4*k + 3*k = -5. Suppose 0*g + 5*q - 520 = -k*g, -2*g = -3*q - 233. Let r = g + -46. What is the units digit of r?
3
Let g = -13 + 17. Suppose -3*w - i - 3 - 3 = 0, 2*w = g*i - 18. Let o = w + 23. What is the units digit of o?
0
Suppose -5*m + 186 = 2*w + 1, 225 = 3*w - 3*m. Suppose w + 37 = r. What is the hundreds digit of r?
1
Let l(i) = i**2 + 3*i + 5. Let u be l(0). Suppose -u*o - 11 = 39. What is the hundreds digit of -2 + 5/(o/(-326))?
1
Suppose 6*y + 4*z = 2*y - 16, 2*z = 3*y - 8. Suppose y = 3*t - 3*a + 6*a - 429, -4*a = -4. What is the hundreds digit of (1/4 - 10/(-8))*t?
2
Let g(c) = c**3 + 40*c**2 - 26*c + 5. What is the thousands digit of g(-35)?
7
Let p(s) = -12*s + 6*s**2 + 17 - 49 + 37 + s**3. What is the tens digit of p(-6)?
7
Suppose 0 = 9*x - 14 - 22. Suppose -x*u + 5*q + 203 = 0, -265 + 5 = -5*u + 5*q. What is the units digit of u?
7
Suppose 0 = -2*l + 8, -2*t - 5*l + 39 = -121. Suppose 0 = -4*g + t - 14. What is the units digit of g?
4
Suppose -5386092 = -257*l + 3168410. What is the units digit of l?
6
Let o(s) = 6*s**2 + 3*s + 1. Let r(g) be the first derivative of -3*g**2 - 9*g + 19. Let p be r(-2). What is the tens digit of o(p)?
6
Suppose -y + 17 = 5*c, -y = 3*y + 2*c - 50. What is the tens digit of y + -7 + 1 + 383?
8
Let r = 891 + 4501. What is the thousands digit of r?
5
Suppose -166*v - 12458 = -b - 162*v, v - 12438 = -b. What is the tens digit of b?
4
What is the hundreds digit of (2/2)/(23/80362)?
4
Let m = -488 - -486. Let t(c) = 197*c**2 - 13*c - 21. What is the tens digit of t(m)?
9
Suppose 5*d - 21*l - 64973 = -19*l, -5*d - 4*l = -64979. What is the units digit of d?
5
Suppose d = -2*k - 3*k, 0 = -5*d. Suppose 2*s = -0*s + 4*z + 156, k = -4*s - 3*z + 312. Let l = s - 70. What is the units digit of l?
8
Suppose 155*r + 108478 = 25542 + 901956. What is the tens digit of r?
8
Suppose 1949 = 29*v - 2575. Let b = 568 + v. What is the tens digit of b?
2
Let i(l) = -l**2 + l - 1. Let v(r) = -3*r**2 - 18. Let k(c) = -4*i(c) + v(c). Let o be k(-7). Suppose 5*u = 57 + o. What is the tens digit of u?
2
Suppose 0 = 37*r - 6*r - 379440. Suppose -2798*x - r = -2807*x. What is the tens digit of x?
6
Let r(v) be the second derivative of 3/4*v**4 - 1/20*v**5 + 13*v + 0 + 7/6*v**3 - 2*v**2. What is the units digit of r(8)?
6
Suppose -2420 = -5*v - p + 1302, 5*p = -3*v + 2220. Let r = -161 + v. What is the tens digit of r?
8
Let n = -64 + 73. Suppose a = 2*a - n. What is the tens digit of (-2)/(-2)*(-14 + a - -196)?
9
Let t = 503 - -387. Let x = 1628 - t. What is the units digit of x?
8
Let l(j) = 2 + 2*j + 3 - 3*j**2 - 5 + 2. Let x be l(-2). Let a(r) = -r - 10. What is the units digit of a(x)?
4
Suppose 35*q - 32304 = 32*q - 4*a, 2*q - 21528 = -4*a. What is the ten thousands digit of q?
1
Let n be (0 - 1) + (-8)/(16/550). Let h = 430 + n. Let f = -115 + h. What is the units digit of f?
9
Suppose 24*j + 1212 - 4212 = 0. Let i = 397 - j. What is the hundreds digit of i?
2
Let y(k) = k**2 - k + 1. Let m(g) = 6*g**2 + 2*g + 16. Let r(s) = -m(s) + 5*y(s). Let j be r(-9). Let n = j + 64. What is the tens digit of n?
3
Let z(u) = u**2 + 6*u - 5 + 6*u - 11 - 10. What is the hundreds digit of z(23)?
7
Suppose 0 = -5*t + 137 + 48. Let g = -32 + t. Suppose -6*i + g*i = -84. What is the units digit of i?
4
Suppose -3*p + w = -w - 13, -3*p + 4*w = -17. Suppose -3*i - 4*o - 28 = 0, p*o = -2*i - 3*i - 54. Let f(g) = -2*g - 8. What is the tens digit of f(i)?
1
Let p(k) = 3*k - 61. Let j be p(0). Let l = j + 58. Let r(g) = -4*g**3 + 2*g**2 - 4*g. What is the hundreds digit of r(l)?
1
Let k be (10/(-30))/(7/25347). Let w = 2581 + k. What is the hundreds digit of w?
3
Suppose -4*w = -3*u + 5*u - 1292, -1296 = -2*u - 5*w. Suppose 102 = 10*k - u. What is the tens digit of k?
7
What is the ten thousands digit of (-66)/(-11) + -21 - -19251?
1
Let p(h) = h**2 + 2*h - 3. Let c be p(-4). Suppose 0 = c*j - w - 5004, -3*w = -0*j + j - 988. What is the hundreds digit of j?
0
Let z be (2/4 - 1)/(4/(-9128)). Let b = 2546 - z. What is the tens digit of b?
0
Let f(j) = -j**3 - 29*j**2 - 55*j - 3. Let v be f(-27). What is the tens digit of (-234*(-6)/v)/(1/2)?
1
Suppose -4*u - 3*j = 2154, 5*u - 3*u - 2*j + 1070 = 0. Let b = 1028 + u. What is the units digit of b?
1
Suppose j + m + 3*m = 15, 4*j = m + 9. Let f be (-1)/(9/j)*-3. What is the units digit of 2/(f - 0) + 25 + 17?
4
Let m(a) = 6809*a**2 - 232*a - 232. What is the units digit of m(-1)?
9
Let q be 1/((-1)/6) - -837. Suppose -f + y + q = -0*y, -8 = 4*y. What is the hundreds digit of f?
8
Suppose -4*c = -3*s - 4048, -1705 = s + c - 351. Let z be 2/12*2 - s/(-24). What is the units digit of 4/14 + (-5024)/z?
0
Let x(j) = -9 - 8*j + 125 + 18*j + 12*j. What is the tens digit of x(24)?
4
What is the units digit of (-4)/(-7) - (-124704)/63?
0
Suppose -3*c - 2*b + 135 = 0, 5*c = -2*b - 2*b + 225. Let p = -32 + c. Suppose q = p + 66. What is the tens digit of q?
7
Let l(m)